actors of w(u)?
3
List the prime factors of 238384/12 + 428/(-321).
2, 13, 191
Suppose 3*a + 3 = w, 6*a + 5 = -w + a. Suppose 0 = 4*o - v - 1359, w = 5*o + v + 394 - 2086. What are the prime factors of o?
3, 113
Suppose -3*z - 6 = -4*z. Let y be 585/10*4/z. Suppose 0 = -p + y + 147. List the prime factors of p.
2, 3, 31
Suppose 0*h - 2*h = 2*z - 1094, 0 = -3*z + 4*h + 1676. Suppose 4*r - z = 2*r. Suppose -4*w = -o - 3*w + 69, -4*o - 3*w + r = 0. List the prime factors of o.
3, 23
Let m = 3134 - -16938. What are the prime factors of m?
2, 13, 193
Suppose 0 = -r - 4*q + 16194, 43*q - 42*q = 3*r - 48634. What are the prime factors of r?
2, 5, 1621
Let f be (3666/(-188))/(1/(-2)). What are the prime factors of (-1 + 0)*(-176 - f)?
5, 43
Let w(g) = -148*g - 25. Let x be w(2). Let a = x + 682. What are the prime factors of a?
19
Let y(m) = -2*m - 12. Let p be y(-18). Let h = 16 - p. Let u(j) = 2*j**2 + 12*j + 14. What are the prime factors of u(h)?
2, 23
Let c = 36 - 42. Let m be (-258)/(-4)*(-7)/(21/c). Let n = m + 1. What are the prime factors of n?
2, 5, 13
Let h(a) be the third derivative of 52*a**5/5 + 5*a**4/24 - a**3/2 - 85*a**2. List the prime factors of h(1).
2, 313
Let u = -8 + 6. Let l(v) = -3*v**3 - 37*v**2 - 43*v**2 - 2 - 2*v + 83*v**2. List the prime factors of l(u).
2, 19
Let f = -212 - -23. What are the prime factors of -11 + 9 - (-2 + f)?
3, 7
Let i be 120/18*30/25. Suppose -c - 4*c = -3080. Suppose -i*y + c = -4*y. List the prime factors of y.
2, 7, 11
Let s(o) = 6*o + 16. Let q(n) = n**2 + 3*n - 3. Let z be q(-5). Let a be ((-2)/5)/(z/(-175)). What are the prime factors of s(a)?
2, 19
Let k(m) = -65*m**2 - 3*m - 8. Let d be k(-2). Let o = 472 + d. What are the prime factors of o?
2, 3, 5, 7
Suppose 5*i - 13 - 7 = 5*r, 0 = 3*i - 5*r - 20. Suppose 4*j + 167 = -5*b + 693, j - 3*b - 140 = i. What are the prime factors of j?
2, 67
Let o = 10558 + 5606. What are the prime factors of o?
2, 3, 449
Suppose -n + 2688*l + 62601 = 2684*l, 0 = -2*n + 2*l + 125214. What are the prime factors of n?
137, 457
Let r(l) = 2393*l**2 - 152*l + 3. What are the prime factors of r(2)?
73, 127
Suppose -13 = -11*x + 20. Suppose f = x*f + 5*t + 10, 0 = 2*t. List the prime factors of (-10*f/(-15))/(4/(-18)).
3, 5
Let o = -138 + 203. Suppose -o*j = -71*j + 1674. What are the prime factors of j?
3, 31
Suppose -3*d = 3*m - 6, 2*d + 0*d = 4*m - 2. Let t(b) = 474*b**3 - b**2 + b. What are the prime factors of t(m)?
2, 3, 79
List the prime factors of 14/((-98)/(-7))*144.
2, 3
Suppose -4*q + 2245 = q - 5*c, c - 2215 = -5*q. Suppose 18*f = q - 12. What are the prime factors of f?
2, 3
Suppose -2*x + 5*y + 5 = 0, 8 = 4*x - y - 29. Suppose 0 = x*b - 2276 - 1274. List the prime factors of b.
5, 71
Let w = 5002 + -2004. What are the prime factors of w?
2, 1499
Let u = 62 - -118. Let f = u + 115. What are the prime factors of f?
5, 59
Suppose 5*l - 5*x = 97220, 6*l - 2*x = 5*l + 19442. What are the prime factors of l?
2, 3, 7, 463
Let w(r) = 7432*r**2 + 3*r + 13. What are the prime factors of w(2)?
151, 197
Suppose 0 = -3*r + 54 + 330. List the prime factors of -3 + r - (-2 + 3).
2, 31
Suppose -u = -13*l + 5*l - 5942, 0 = u - 2*l - 5900. What are the prime factors of u?
2, 3, 109
Let x(r) = -r**3 + 55*r**2 - 4*r + 124. List the prime factors of x(17).
2, 5519
Let a(w) be the second derivative of w**5/4 - w**4/12 - w**3/3 - 5*w**2 + 15*w + 1. What are the prime factors of a(4)?
2, 11, 13
Suppose p - 3*y = y - 46, 0 = 4*p + 4*y + 104. Let d = p - -30. Suppose 6*o + 298 - 1234 = d. List the prime factors of o.
2, 3, 13
Let p be 456/21 - 34/(-119). Suppose p*a - 1265 = 11*a. List the prime factors of a.
5, 23
Let v(h) = h**2 + 15*h - 14. Let u(o) = -7*o - 4. Let l be u(2). Let k = l - -24. What are the prime factors of v(k)?
2, 7
Let r be (-9)/(18/(-4))*31. Let u = r + -33. Suppose u = -2*n - 4*g + 181, -2*g = -4*n + 324. What are the prime factors of n?
2, 5
Suppose -15*a + 225134 = -93886. Suppose -48*n = -61*n + a. List the prime factors of n.
2, 409
Suppose -2*d + 20477 = s, -7*d + 8*d - 4*s - 10252 = 0. List the prime factors of d.
2, 5
Let s(u) = -1872*u - 2476. What are the prime factors of s(-36)?
2, 16229
Let b = -10537 + 15224. What are the prime factors of b?
43, 109
Let c(l) = 75*l + 2077. What are the prime factors of c(-17)?
2, 401
Suppose 2*c + i = 7*c - 1928, -15*i - 1128 = -3*c. List the prime factors of c.
2, 193
Suppose 7774 = 2*p - 4*h, -9 = -p - h + 3857. List the prime factors of p.
3, 1291
Suppose 3*o = -4*n + 8526, -2*o + 5684 = 3*n + 2*n. What are the prime factors of o?
2, 7, 29
Suppose a = -3*l + l + 12, -4*l = -a - 24. Suppose l = 7*d - 8. Suppose 76 = 3*w - d*w. What are the prime factors of w?
2, 19
Let k be (306/(-8))/(1/(-184) - 0). Suppose 33*s - 10*s = k. What are the prime factors of s?
2, 3, 17
Let o = 46708 + -28973. What are the prime factors of o?
5, 3547
Let u = 3 + -5. Let j be (84/(-18))/(u/42). Suppose 5*c - 132 - j = 0. What are the prime factors of c?
2, 23
Let o = -158 + 586. Let h = o - 305. Suppose 2*u + 0*z - h = z, 177 = 3*u - 3*z. What are the prime factors of u?
2
Let w = -13 + 3. Let m(a) = a**3 + 12*a**2 + 18*a - 5. Let f be m(w). Suppose -20*v + 685 = -f*v. List the prime factors of v.
137
Suppose 276*a + 720957 = 2985225 + 1545912. What are the prime factors of a?
5, 11, 251
Let v be (((-13)/(-3) + -4)*0)/(-2). Suppose 2*q + v*q - 448 = y, -3*y = -2*q + 448. What are the prime factors of q?
2, 7
Let c = 1082 - 1081. Let d(o) = -3*o**2 - 2*o + 1. Let v be d(3). List the prime factors of (42 + c)/((-8)/v) - -4.
2, 11
Suppose 5053 - 5589 = -4*o + 13020. What are the prime factors of o?
3389
Let r(b) = b + 9*b**2 - 12 - b + 3*b - b**3. Suppose -2*v = -5*k - 38, -12 = 3*v - 50*k + 54*k. List the prime factors of r(v).
2, 5
Let z = -10987 + 15387. Suppose -34*g + 38*g = z. What are the prime factors of g?
2, 5, 11
Suppose 241*p + 3 = 240*p. What are the prime factors of p/(-6)*((-1716)/(-3) - 4)?
2, 71
Let k = -5670 - -8345. List the prime factors of k.
5, 107
Suppose 5*y - 18 = -2*x, -3*x - 5*y - 7 + 29 = 0. Suppose b + 4 = 0, -x*r + 2696 - 588 = 5*b. List the prime factors of r.
2, 7, 19
Let g be 1/((-2)/(-4) - (-45)/(-95)). Let k = g - 60. Let b = 129 - k. What are the prime factors of b?
151
Suppose -54*h + 10 = -52*h, 3*m - 2*h - 836 = 0. What are the prime factors of m?
2, 3, 47
Let w(z) = z + 6. Let d(n) = -19*n - 15. Let t(b) = -d(b) - 2*w(b). Let i = 7 + -4. List the prime factors of t(i).
2, 3
Let z be 7/4 - -3*3/36. Suppose z*u - 7668 = -10*u. List the prime factors of u.
3, 71
Let i be (1 - (-3 + 4))/(-2). Suppose i = 5*p + 5, 2*h - 3*p + 7*p = 8. Suppose -4*q + 1580 = h*q. List the prime factors of q.
2, 79
Let n(s) = -s**3 + 24*s**2 + 26*s - 10. Suppose -5*w - 2*k + 110 = 0, -w + 39 = -0*k - 3*k. List the prime factors of n(w).
2, 307
Let v = 7 + 28. Suppose v = -0*n - 7*n. Let h = n + 101. List the prime factors of h.
2, 3
Suppose -5*i + 8*i = 4*i. Suppose -2*l + d + 2165 = 0, 3*l = -i*d + d + 3250. What are the prime factors of l?
5, 7, 31
Let x(s) = s**3 + 26*s**2 - 223*s + 18. What are the prime factors of x(16)?
2, 13, 277
Suppose -25*u + 13*u = -126336. What are the prime factors of u?
2, 7, 47
Let z be 3 + -6 + 0/(-2). Suppose -76*r + 658 = w - 71*r, -5*w + 3234 = -3*r. List the prime factors of w/16*(-8)/z.
2, 3
Let o(x) = -88*x**3 - x**2 - 6*x - 5. Let j = 223 + -225. List the prime factors of o(j).
7, 101
Suppose 8*v = b + 15*v - 26076, 2*b + v = 52191. What are the prime factors of b?
3, 8699
Let y = 793 + -431. Let c = y + 83. Suppose 2*g + c = 2*w - g, 2*w + g - 441 = 0. What are the prime factors of w?
13, 17
Suppose 0 = 18*n + 12 + 114. Let h(l) be the second derivative of l**4/12 + l**3 + 2*l**2 + 3*l. What are the prime factors of h(n)?
11
Suppose -4*n + 65 = 3*w, 15 = n + 3*w + 1. Let x = n - 15. Suppose 0 = -2*o + z + 17, -o - 3*z = -3 - x. List the prime factors of o.
2
Suppose -1 = 2*h - x, 10 - 32 = 5*h + 4*x. Let v(p) = -172*p**3 + 6*p + 14. What are the prime factors of v(h)?
2, 13, 53
Let s be ((-4)/10)/((-1)/(-15)). Let x(r) = 2*r**2 - 2991 + 2994 + 2*r**2 + 19*r. What are the prime factors of x(s)?
3, 11
Suppose 187*w - 184*w = 9339. What are the prime factors of w?
11, 283
What a